t is the tens digit of d*(667 - (2 + -8))?
7
Suppose 4*i + 3*k + 4095 = 23746, 3*i = k + 14722. What is the tens digit of i?
0
What is the tens digit of 4075542/(-852)*1/((-3)/8)?
5
Suppose -352*o + 5*m - 59794 = -355*o, 139550 = 7*o + 4*m. What is the thousands digit of o?
9
Let i(f) = 186 - 48*f - 184 + f. Let g be i(-13). Suppose -c - 4*c - 259 = -2*t, c + g = 5*t. What is the units digit of t?
2
Let r(p) = -123*p - 79. Let c be r(-2). Let b(d) = d**3 - 4*d**2 + 1. Let h be b(4). What is the tens digit of (-4)/(-1)*h + c?
7
Let u be (27/(-6))/(2 + 20/(-16)). Let l be 5 - (-26)/u - (-38)/6. Suppose l*g = 9*g, 0 = 3*v - 3*g - 294. What is the tens digit of v?
9
Let o = 104 + -41. Let y = -13 + o. Suppose -k + 2*k = y. What is the units digit of k?
0
Let l(i) = -i**3 + 126*i**2 - 218*i + 711. What is the units digit of l(121)?
8
Let q = 566 - 805. Let l = -95 - q. What is the units digit of l?
4
Suppose -140*u = -197*u + 344052. What is the tens digit of u?
3
Let n be 48/64*16/3. Suppose 3877 = 5*l + n*r, 2*l + 41*r - 1558 = 37*r. What is the hundreds digit of l?
7
Let r(y) = -y**2 - 15*y. Let o(w) = -2*w**2 - 17*w + 1. Let n(f) = -3*o(f) + 4*r(f). What is the hundreds digit of n(-6)?
1
Let v be 5 - (2 + 2 - 11). Let y = 15 - v. Suppose y*z - 681 = -78. What is the tens digit of z?
0
Suppose -65*a = -99*a + 1009290. What is the tens digit of a?
8
Suppose 258 = 3*h - 3*m, 0 = -2*h + m + 51 + 124. Let p = 91 - h. Suppose 5*n - 4*s - 98 = 87, -61 = -p*n - s. What is the units digit of n?
3
Let x(u) = 1139*u - 2547. What is the ten thousands digit of x(23)?
2
What is the hundreds digit of (1 + -158)/((-76)/2812)?
8
Let u = 43605 + 6927. What is the units digit of u?
2
Suppose 5*l = -4*m - 32, -12*l = -m - 10*l + 5. What is the units digit of 25024/32 - m*1?
5
Let i(t) = t**3 - 6*t**2 + 6*t - 26. Let x be i(6). Suppose -7*b - 1416 = -x*b. What is the units digit of b?
2
Let h be ((5/3)/1)/((-75)/(-270)). Suppose -h*u + 1163 = -457. What is the hundreds digit of u?
2
Suppose k = 3*k - 78. Suppose 2*h + k + 155 = 4*m, -h - 122 = 3*m. Let s = h + 207. What is the units digit of s?
0
Suppose 4*m = 5*i, -5*m + 45 = 4*i + i. What is the tens digit of (-3 - -457)/(2/i)?
0
Suppose 383613 + 17013 = 4*i + 14*i. What is the thousands digit of i?
2
Let m(a) = 106*a + 309. Let h(q) = -17*q - 79. Let k be h(-5). What is the units digit of m(k)?
5
Let o(q) be the third derivative of q**5/5 - 7*q**4/12 - 25*q**3/6 - 90*q**2. What is the hundreds digit of o(-3)?
1
Suppose -190*m = -186*m. Suppose 3*b - 13 = -3*k + 2*k, -b - 5*k - 5 = 0. Suppose b*o + 20 = m, 28 = y + 5*o - o. What is the tens digit of y?
4
Let w(m) = -2*m**3 - 6*m**2 - 11*m - 4. Let x be w(-5). Suppose -3*b + 3*h + x = -164, 3*b - 327 = -h. What is the units digit of b?
8
Let i(t) be the third derivative of 0 + 1/30*t**5 + 0*t**4 + 4/3*t**3 - 43*t**2 + 0*t. What is the units digit of i(4)?
0
Let m(n) = 49 - 32 + 94*n - 113. What is the hundreds digit of m(7)?
5
Let x(t) = 5*t**3 + 6*t**2 + 3*t - 4. Let c be x(3). What is the units digit of (-1)/(1162/c + -6)?
7
Suppose -206*w + 15087920 = 8*w + 88*w. What is the tens digit of w?
6
Suppose -5*u - 14559 = -2*v, -19*u = -6*v - 20*u + 43629. What is the hundreds digit of v?
2
Let y = 129 - 126. What is the tens digit of 172/y + 68/102?
5
What is the units digit of 0 - (-362)/(0 + (-4)/(-96))?
8
What is the hundreds digit of 3 + 49924/7 + 8/2?
1
Let f(g) = 104*g + 4*g**2 - 42*g - 52*g + 52. What is the units digit of f(13)?
8
Let g = -32273 - -46579. What is the ten thousands digit of g?
1
Let g = 1619 - 707. What is the hundreds digit of g?
9
Let l(d) = -26*d + 16. Let g be l(5). Let n = g + 30. Let c = n + 143. What is the tens digit of c?
5
Suppose o - 466*d = -462*d + 57531, 0 = 5*o + 5*d - 287480. What is the tens digit of o?
0
Let i be (-7)/(-14) - ((-15)/(-6) - 2). Suppose -6*l + 2372 + 1816 = i. What is the tens digit of l?
9
Let c = 16584 - 9589. What is the tens digit of c?
9
Suppose -5898 = -6*b + 8682. Suppose 3*m = -7*m + b. What is the hundreds digit of m?
2
Let k(i) be the third derivative of i**6/120 - 7*i**5/60 + i**4/2 - i**3 - 11*i**2. Let m be k(10). What is the tens digit of ((-10)/(-30))/(2/m)?
6
Suppose -5*a + 31 = -9. Suppose a*l - 5*l + 936 = 0. What is the units digit of 2/((-3)/l*4)?
2
Let f(p) = p**3 + 8*p**2 - 11*p + 11. Let n = -19 + 22. Suppose -y = -n, 2*m + 4*y = y - 7. What is the units digit of f(m)?
9
Let p = -948 - -5127. What is the units digit of p?
9
Suppose -n + b + 827 = -27, 3392 = 4*n + 2*b. Let v = 282 + n. What is the thousands digit of v?
1
Let c(f) = 14*f**2 - 14*f + 2563 - 2563. What is the units digit of c(6)?
0
What is the ten thousands digit of (10 - 2)*(130376/16 + 1)?
6
Suppose 0 = 2*i + 3*n - 19, 0 = -i + 5*n - 30 + 7. Let a = -1804 + 3271. Suppose 11*s - a = i*s. What is the tens digit of s?
6
Suppose 5*q + u - 2492 - 496 = 0, -608 = -q + 5*u. Suppose -5175 = -q*o + 589*o. What is the tens digit of o?
7
Let q(b) = 4*b - 122. Let g be q(25). What is the tens digit of (-1 - 6)*g + -3?
5
Let p(a) = -45*a + 182. Let n(m) = -46*m + 177. Let k(j) = 4*n(j) - 3*p(j). What is the tens digit of k(-6)?
5
Let g = -5246 + 11302. What is the tens digit of g?
5
What is the tens digit of (-10)/6*2112/4400 + 141578/10?
5
Let v = -17 - -19. Suppose -3*l - v*l = -9*l. Suppose 3*h + 0*h = 5*c - 386, l = -2*c - 5*h + 173. What is the tens digit of c?
7
Let j(z) = -3*z - z**3 + 8*z + 3 + 2*z + 7*z**2 + z. Let g be j(6). Suppose 2*q + 0*q - 4*t - 182 = 0, q - g = 4*t. What is the units digit of q?
5
Let k be (-26)/(-4) + -6 + 2/(-4). Let a be 1/4 + (-1)/4 + k. Suppose 5*b - 45 = -m + 72, a = -4*b. What is the tens digit of m?
1
Suppose 62*c - 55*c = 14630. Suppose -678 = -8*v + c. What is the tens digit of v?
4
Suppose -21219 + 180201 = 11*x - 28491. What is the units digit of x?
3
Let p be 2/9 + 416/72. Let b = 28 + p. Let d = 130 + b. What is the hundreds digit of d?
1
Let r be -2 + (-52 - (-1 + 0 - -3)). Let x = r - -61. What is the tens digit of -11*5/(x/(-9))?
9
Let q(w) be the second derivative of 3*w**5/20 + w**4/4 + 2*w**3/3 + 10*w**2 + 18*w. Let g(x) be the first derivative of q(x). What is the tens digit of g(5)?
5
Let w = -16 + 20. Let f be ((4/4 - w) + 1)*-1. Suppose 248 + 0 = f*b. What is the units digit of b?
4
Suppose -58*v - 110937 + 127834 + 587057 = 0. What is the ten thousands digit of v?
1
Let w be 9*2/45 - 12/5. Let n be (-13)/w*(2 - 0). Suppose 2*f + 627 = n*f. What is the units digit of f?
7
Suppose -5*z - 1014 - 439 = 3*d, -3*z + d - 869 = 0. Let o = z + 511. What is the tens digit of o?
2
Let n be (-2 + 0)/(4/10). Let o(r) = 5*r + 24. Let b be o(n). Let p(q) = 4*q**2 + 8*q + 9. What is the units digit of p(b)?
5
Suppose -9*n + 18720 = j, 0 = -2*n - 3*n + 5*j + 10400. What is the tens digit of n?
8
Let u = 39 - 34. Suppose u*h + 1702 + 753 = 0. What is the tens digit of ((-2)/(-4))/(h/164 - -3)?
8
Let m = -30398 - -107582. What is the tens digit of m?
8
Let w be -3 + -66 - (-1 + -3). Let l = 81 + w. Let x = l + 11. What is the units digit of x?
7
Suppose 0 = -3*n - d + 103225, -8*n + 34395 = -7*n + 2*d. What is the thousands digit of n?
4
Let s be (-4)/34 + (-38)/(-323). Suppose -5*t + 2*t + 1158 = s. Suppose 0 = 4*h - x - 752, 0*h - 2*x = 2*h - t. What is the hundreds digit of h?
1
Suppose 0 = -5*z - 5*i + 445, z + 2*i = -i + 79. Suppose 706 = r - z. What is the units digit of r?
0
Let k be (-1)/(2/(-330))*4. Suppose -2*y = -3*y + 12. Suppose -k + 132 = -y*c. What is the tens digit of c?
4
Let j(d) = -730*d - 3572. What is the ten thousands digit of j(-41)?
2
Let r = 145 + -107. What is the hundreds digit of 36134/r + ((-120)/95)/(-12)?
9
Let b(v) = v**3 - 13*v**2 + 29*v + 10. Let s be b(10). Suppose s*j = -j + 151. What is the units digit of j*4*(-1 + (-20)/(-16))?
1
Let q = -33326 - -69413. What is the ten thousands digit of q?
3
Suppose 6*x - 24 = -6*x. Suppose -x*r + 133 = d, -d = 2*r - 5*r - 133. What is the tens digit of d?
3
Suppose 0 = 32*r - 50*r - 695520. What is the tens digit of 3/((-27)/(-12)) + r/(-45)?
6
Let k(i) = i**3 - 9*i**2 + 21*i - 13. Let t be k(6). Suppose -3*a = -5*a + 4*u + 1116, t*a - 3*u = 2769. What is the units digit of a?
2
Suppose 2*w - 420 = -5*w. Suppose -w*m